{"id":2,"date":"2013-03-23T14:20:47","date_gmt":"2013-03-23T14:20:47","guid":{"rendered":"http:\/\/iskolatitkar-tanfolyam.kepzesek.ioszia.hu\/?page_id=2"},"modified":"2013-03-23T14:20:47","modified_gmt":"2013-03-23T14:20:47","slug":"ez-egy-minta-oldal","status":"publish","type":"page","link":"http:\/\/iskolatitkar-tanfolyam.kepzesek.ioszia.hu\/?page_id=2","title":{"rendered":"Ez egy minta oldal"},"content":{"rendered":"<p>Ez egy mintaoldal, egy WordPress-alap\u00fa honlap egy oldal\u00e1nak l\u00e9trehoz\u00e1s\u00e1hoz. Az oldal k\u00fcl\u00f6nb\u00f6zik a bejegyz\u00e9st\u0151l, mert az oldal \u00e1lland\u00f3an l\u00e1tszik a honlap men\u00fcj\u00e9ben, a navig\u00e1ci\u00f3 sor\u00e1n (a legt\u00f6bb sablonban). Az emberek t\u00f6bbs\u00e9ge haszn\u00e1lja a N\u00e9vjegy oldalt, amely arra szolg\u00e1l, hogy a lehets\u00e9ges l\u00e1togat\u00f3i sz\u00e1m\u00e1ra elmondjanak magukr\u00f3l, v\u00e1llalkoz\u00e1sukr\u00f3l, a honlapr\u00f3l n\u00e9h\u00e1ny jellemz\u0151 mondatot. Egyik lehets\u00e9ges megold\u00e1s erre pl.:<\/p>\n<blockquote><p>Hell\u00f3 Emberek!Ezt a ford\u00edt\u00e1st a WordPress Magyarorsz\u00e1g Ford\u00edt\u00f3i csapata v\u00e9gezte. Sok sz\u00e1z munka\u00f3r\u00e1t fektett\u00fcnk abba, hogy ezt a remek tartalomkezel\u0151 rendszert anyanyelv\u00fcnk\u00f6n, magyarul haszn\u00e1lhassa mindenki.<\/p><\/blockquote>\n<p>&#8230;. vagy egy m\u00e1sik p\u00e9lda:<\/p>\n<blockquote><p>A<strong> WordPress Magyarorsz\u00e1g<\/strong> tulajdonk\u00e9ppen a kezdetekt\u0151l l\u00e9tezik an\u00e9lk\u00fcl, hogy kihirdette volna l\u00e9t\u00e9t. <strong>A WordPress Magyarorsz\u00e1g egy K\u00f6z\u00f6ss\u00e9g!<\/strong> &#8211; a ny\u00edlt forr\u00e1sk\u00f3d\u00fa, zseni\u00e1lis WordPress tartalomkezel\u0151 rendszer alkalmaz\u00e1s\u00e1ra, megismer\u00e9s\u00e9re, tanul\u00e1s\u00e1ra sz\u00f6vetkezt\u00fcnk.<\/p><\/blockquote>\n<p>\u00daj WordPress-felhaszn\u00e1l\u00f3k\u00e9nt a <a href=\"http:\/\/iskolatitkar-tanfolyam.kepzesek.ioszia.hu\/wp-admin\/\">Vez\u00e9rl\u0151pult<\/a>ba l\u00e9pve ez az oldal t\u00f6r\u00f6lhet\u0151, m\u00f3dos\u00edthat\u00f3, \u00e9s \u00faj oldalak hozhat\u00f3ak l\u00e9tre saj\u00e1t tartalommal. J\u00f3 sz\u00f3rakoz\u00e1st k\u00edv\u00e1n a WordPress Nemzek\u00f6zi K\u00f6z\u00f6ss\u00e9ge!<\/p>\n","protected":false},"excerpt":{"rendered":"<p>Ez egy mintaoldal, egy WordPress-alap\u00fa honlap egy oldal\u00e1nak l\u00e9trehoz\u00e1s\u00e1hoz. Az oldal k\u00fcl\u00f6nb\u00f6zik a bejegyz\u00e9st\u0151l, mert az oldal \u00e1lland\u00f3an l\u00e1tszik a honlap men\u00fcj\u00e9ben, a navig\u00e1ci\u00f3 sor\u00e1n (a legt\u00f6bb sablonban). Az emberek t\u00f6bbs\u00e9ge haszn\u00e1lja a N\u00e9vjegy oldalt, amely arra szolg\u00e1l, hogy a &hellip; <a href=\"http:\/\/iskolatitkar-tanfolyam.kepzesek.ioszia.hu\/?page_id=2\">Egy kattint\u00e1s ide a folytat\u00e1shoz&#8230;. <span class=\"meta-nav\">&rarr;<\/span><\/a><\/p>\n","protected":false},"author":1,"featured_media":0,"parent":0,"menu_order":0,"comment_status":"open","ping_status":"open","template":"","meta":{"footnotes":""},"_links":{"self":[{"href":"http:\/\/iskolatitkar-tanfolyam.kepzesek.ioszia.hu\/index.php?rest_route=\/wp\/v2\/pages\/2"}],"collection":[{"href":"http:\/\/iskolatitkar-tanfolyam.kepzesek.ioszia.hu\/index.php?rest_route=\/wp\/v2\/pages"}],"about":[{"href":"http:\/\/iskolatitkar-tanfolyam.kepzesek.ioszia.hu\/index.php?rest_route=\/wp\/v2\/types\/page"}],"author":[{"embeddable":true,"href":"http:\/\/iskolatitkar-tanfolyam.kepzesek.ioszia.hu\/index.php?rest_route=\/wp\/v2\/users\/1"}],"replies":[{"embeddable":true,"href":"http:\/\/iskolatitkar-tanfolyam.kepzesek.ioszia.hu\/index.php?rest_route=%2Fwp%2Fv2%2Fcomments&post=2"}],"version-history":[{"count":0,"href":"http:\/\/iskolatitkar-tanfolyam.kepzesek.ioszia.hu\/index.php?rest_route=\/wp\/v2\/pages\/2\/revisions"}],"wp:attachment":[{"href":"http:\/\/iskolatitkar-tanfolyam.kepzesek.ioszia.hu\/index.php?rest_route=%2Fwp%2Fv2%2Fmedia&parent=2"}],"curies":[{"name":"wp","href":"https:\/\/api.w.org\/{rel}","templated":true}]}}